What is the highest common factor of g and 116?
58
Let j(l) = -2*l - 16. Let n be j(-34). What is the highest common factor of 65 and n?
13
Suppose 4*a = -3*p + 365, 5*p + 47 = -4*a + 410. What is the highest common factor of a and 1058?
46
Suppose -i = j - 4, 4*i - 3 - 5 = -2*j. Suppose -3*z + z + 36 = i. Let t be z/(((-3)/15)/(-1)). What is the highest common factor of t and 10?
10
Let a = -70 - -173. Suppose a = 3*d + 37. Calculate the highest common factor of d and 4.
2
Let y(f) = -5*f + 5. Let x be y(0). Suppose -x*c + 27 = -2*c. Calculate the greatest common factor of c and 18.
9
Let w = -16 + 14. Let t = 14 - w. Let l be (4 - t)*2/(-8). What is the highest common factor of 15 and l?
3
Suppose -2*c + 25 = -t - 2*t, -4*c = -3*t - 59. Let i = 23 - c. Let l = i + 8. Calculate the greatest common divisor of l and 112.
14
Suppose 3*d + b - 29 = 0, d + 5*b - 3*b - 3 = 0. Suppose 135 = d*a + 14. What is the greatest common factor of 253 and a?
11
Suppose -163*n = -166*n + 1275. What is the highest common divisor of 85 and n?
85
Suppose 0 = 10*d - 5*d - 1635. Suppose 0*b + 2*b = -4*w + 678, d = 2*w + 5*b. Let y = -25 - -44. What is the highest common factor of w and y?
19
Suppose 0 = 5*i + 4*m - 55 - 22, -2 = m. Calculate the highest common divisor of 51 and i.
17
Suppose -2*l = -4*l + d - 50, -3*l - 5*d = 62. Let m be 1*5 + l + 97. What is the greatest common factor of m and 52?
26
Suppose 8*k + 1 - 41 = 0. Let i be (-24)/(-1) - (-6 + k). Calculate the highest common factor of i and 25.
25
Suppose -3*q = -9*j + 10*j - 20, 0 = 3*j + 5*q - 52. Calculate the greatest common factor of j and 35.
7
Suppose -4*u - 6 = -d - 2, -3*u = 0. Suppose 8*l = d*l + 352. Calculate the highest common divisor of l and 8.
8
Let g(b) = -11*b - 27. Let z be g(-12). Suppose -i + 3*n - z = -4*i, -n - 121 = -3*i. Calculate the greatest common factor of 351 and i.
39
Suppose 0 = 2*q + 103 - 135. Calculate the greatest common divisor of 344 and q.
8
Let t(i) = 6*i + 370. Let o be t(-56). Calculate the greatest common factor of 1394 and o.
34
Suppose -10 = 3*u - u, -u - 315 = -5*o. Suppose 4*c - 2*y = o, -y - 36 - 10 = -3*c. What is the greatest common factor of 5 and c?
5
Let s(o) = o**2 + o - 4. Let f = 8 - 5. Let v be s(f). Suppose -5*t - 144 = -v*t. What is the highest common divisor of t and 32?
16
Let d(k) = k**3 + 6*k**2 - k + 4. Let i be d(-6). Suppose -a + 0*s + 35 = -5*s, -i = -5*s. Calculate the greatest common factor of a and 90.
45
Let l be 46 + 2 + 1 + (-2 - 2). What is the greatest common factor of 10 and l?
5
Suppose 0 = -30*l + 10*l + 900. What is the greatest common factor of 855 and l?
45
Suppose -21*l + 18*l = 2*v - 36, -3*l - 27 = -v. Calculate the highest common factor of v and 35.
7
Suppose -75 - 89 = 2*c. Let x = 102 + c. What is the highest common factor of x and 80?
20
Suppose -2*p - 2*o - 20 = -4*p, 4*p - 41 = 5*o. Suppose 3*i = 3 + p. Let z be i*(315/10)/9. Calculate the highest common factor of z and 14.
14
Let x(p) = 4*p. Let c be x(3). Let m = 816 + -804. Calculate the highest common factor of c and m.
12
Suppose -y + 55 = 3*m, 0 = 4*m + m + 5*y - 85. Suppose 9*h - 26 = m. What is the highest common divisor of h and 25?
5
Let y be (8/20)/(6/45). Suppose 2*k - 4*s - 52 = -9*s, 0 = -y*k + 3*s + 36. What is the highest common factor of k and 2?
2
Suppose -7*n + 2*n = 4*i - 29, -4*n - 2 = -i. Calculate the highest common factor of i and 39.
3
Suppose -8*l - 1062 = -2*l. Let s = l - -261. What is the highest common factor of s and 12?
12
Suppose -2*s = 4*f - 1628, -3*s + 61*f + 2418 = 59*f. What is the highest common factor of s and 8?
8
Let v be 2*24/112*49. What is the greatest common divisor of v and 168?
21
Suppose -2*u + 7*b = 3*b - 752, 3*u = -4*b + 1118. What is the greatest common factor of u and 22?
22
Let v(n) = 18*n + 42. Let g be v(13). Suppose c + 1 = g. What is the greatest common factor of 25 and c?
25
Let f be (60/35)/(2/119). Suppose 0 = 3*q - 6*q + f. Let x = q + -6. What is the highest common factor of 84 and x?
28
Suppose -7*y = -4*y + 4*l + 1074, -5*y = 2*l + 1790. Let t = y + 574. Calculate the greatest common factor of 24 and t.
24
Let z = -23 - -144. Suppose 2*c = -2*f - 0 + 10, -5*f = 2*c - 22. Suppose 4*i = c + 43. What is the highest common divisor of z and i?
11
Let o be -3*(-3)/(-9)*-63. Let l be 4/14 + (-459)/o. Let d = 49 + l. What is the highest common divisor of 21 and d?
21
Let x(z) = 3*z - 4. Let u be x(2). Suppose 0*y = 2*s - y - 22, 0 = y + u. Calculate the highest common factor of s and 70.
10
Let n be 6/10 + -7 + (-801)/(-15). What is the greatest common divisor of 2 and n?
1
Suppose 4*b = -9 + 5, 5*b = -2*o + 411. Calculate the greatest common divisor of o and 32.
16
Suppose 9*t - 5 = y, 0 = 2*y - 5*t - 0*t - 3. Calculate the greatest common divisor of 396 and y.
4
Suppose 0 = 3*b + j + 3, -7*b - 9 = -12*b + 3*j. Let g be (0 - 9)*(12/(-9) - b). What is the highest common divisor of 6 and g?
6
Suppose -3*a + 11941 = -5*s, 5*a - 10000 = -2*s + 9912. Calculate the greatest common factor of a and 22.
22
Suppose 5*r - 29 = 21. Suppose -21 = -4*x - 1. Suppose -g + 6*g - 35 = -5*q, -5*g + x = 2*q. What is the highest common divisor of q and r?
10
Suppose -3*i = 5*c - 4 - 88, -2*c + 40 = -2*i. Let o be (-19)/(-4)*112/4. Calculate the greatest common divisor of c and o.
19
Suppose 2*k + 7 - 17 = 0. Suppose 2*i - k*o - 29 = 0, 3*i - 42 = -4*o + 36. What is the highest common factor of i and 110?
22
Let o(a) = -a**2 + 8*a - 8. Let j be o(7). Let r = j - 1. Let w = r - -20. What is the greatest common factor of w and 12?
6
Let i = 300 + -198. Calculate the greatest common divisor of i and 34.
34
Let c(b) = -b**3 - 31*b**2 - 2*b - 62. Let f be c(-31). Suppose f*d - 12 = -2*a - 2*d, 2*a - 3*d + 8 = 0. What is the greatest common factor of a and 9?
1
Let o(f) = -3 + 221*f - 213*f - 15. Let l(r) = -4*r + 9. Let s(p) = 5*l(p) + 2*o(p). Let v be s(-4). What is the highest common factor of v and 175?
25
Suppose 10*k = -384 + 424. Calculate the highest common divisor of k and 126.
2
Let r = -13 + 7. Let k(b) = b**3 + 3*b**2 - 15*b - 2. Let m be k(r). Let s = m - -32. Calculate the highest common divisor of s and 6.
6
Let m be 2/9 - (-592)/9. Suppose 6*y + y = -217. Let r = y - -53. What is the greatest common divisor of m and r?
22
Suppose 27*f - 978 = 22*f - 3*d, 5*d = -20. Calculate the highest common divisor of f and 18.
18
Let s be (-713)/(-11) - (5 - 570/110). What is the greatest common factor of s and 52?
13
Let x be (-100)/(-4) - 30/6. What is the greatest common divisor of 20 and x?
20
Let h(t) = -t - 3. Let v be h(2). Suppose 6*c + 604 = 2*c. Let u be c/v - (-2)/(-10). What is the highest common divisor of u and 6?
6
Let u be (-3 + -2)/((-4)/172). Suppose u = 5*i - 135. What is the highest common divisor of i and 10?
10
Suppose -4*y = -4*v + 180, -v + 17 = -4*y - 25. Calculate the highest common divisor of v and 23.
23
Let k = 580 + -317. Suppose 5*o - k - 112 = 0. Suppose 2*u - 2*w - 50 = 0, -5*u + 2*u + o = -w. Calculate the highest common factor of u and 200.
25
Let r = 17 - 17. Suppose -3*v + 5*v - 440 = r. Suppose 6*a - v = 2*a. Calculate the greatest common divisor of 22 and a.
11
Suppose -5*c + 29 = 2*s - 19, 5*s - 4*c - 87 = 0. Calculate the highest common factor of 171 and s.
19
Let j be 52/(-9) - 12/54. Let z = j - -8. Suppose z*f = 24 - 2. What is the highest common divisor of f and 22?
11
Suppose 125 = 3*r + 5*a + 122, 4*r - 27 = a. Calculate the greatest common divisor of r and 138.
6
Let h be ((-3825)/(-150))/((-3)/(-10)). Calculate the highest common divisor of h and 765.
85
Let t be (-10)/4 - (-2086)/28. What is the highest common divisor of 3 and t?
3
Let x(r) = -r**3 + 9*r**2 - 7*r - 4. Let y be x(8). Suppose -4*h + 0*j = y*j - 12, -2*h + 2*j = -22. What is the highest common divisor of 56 and h?
7
Let y(h) = h - 8. Let i be y(9). Suppose -206 = -5*a + t, 7 = 2*t - i. What is the greatest common factor of 105 and a?
21
Let d be 31/93 - 798/(-9). Calculate the highest common divisor of 979 and d.
89
Suppose 61*s = 59*s + 658. What is the greatest common divisor of 7 and s?
7
Let y(w) = 86*w - 1. Let d be y(1). Let v be (-1122)/110*-4*5/6. Calculate the greatest common factor of v and d.
17
Let g 